ist the prime factors of 363.
3, 11
List the prime factors of 3128.
2, 17, 23
What are the prime factors of 21082?
2, 83, 127
List the prime factors of 24978.
2, 3, 23, 181
What are the prime factors of 11062?
2, 5531
What are the prime factors of 2999?
2999
List the prime factors of 3736.
2, 467
What are the prime factors of 6827?
6827
What are the prime factors of 1554?
2, 3, 7, 37
List the prime factors of 3063.
3, 1021
What are the prime factors of 1758?
2, 3, 293
What are the prime factors of 10053?
3, 1117
What are the prime factors of 3626?
2, 7, 37
List the prime factors of 2893.
11, 263
What are the prime factors of 980?
2, 5, 7
List the prime factors of 1405.
5, 281
What are the prime factors of 46548?
2, 3, 431
List the prime factors of 127.
127
List the prime factors of 48317.
19, 2543
What are the prime factors of 39792?
2, 3, 829
List the prime factors of 93.
3, 31
List the prime factors of 4947.
3, 17, 97
What are the prime factors of 6781?
6781
What are the prime factors of 5309?
5309
List the prime factors of 16505.
5, 3301
What are the prime factors of 9003?
3, 3001
What are the prime factors of 1160?
2, 5, 29
What are the prime factors of 1706?
2, 853
List the prime factors of 35534.
2, 109, 163
List the prime factors of 12819.
3, 4273
What are the prime factors of 1367?
1367
What are the prime factors of 15133?
37, 409
What are the prime factors of 43644?
2, 3, 3637
What are the prime factors of 904?
2, 113
List the prime factors of 1138.
2, 569
List the prime factors of 19894.
2, 7, 29
List the prime factors of 10129.
7, 1447
List the prime factors of 3194.
2, 1597
What are the prime factors of 1436?
2, 359
List the prime factors of 51337.
11, 13, 359
List the prime factors of 8342.
2, 43, 97
List the prime factors of 38894.
2, 19447
What are the prime factors of 15121?
15121
What are the prime factors of 109584?
2, 3, 761
List the prime factors of 4691.
4691
What are the prime factors of 15561?
3, 7, 13, 19
What are the prime factors of 551?
19, 29
List the prime factors of 8726.
2, 4363
What are the prime factors of 4483?
4483
What are the prime factors of 42314?
2, 21157
What are the prime factors of 26634?
2, 3, 23, 193
List the prime factors of 2476.
2, 619
What are the prime factors of 6956?
2, 37, 47
List the prime factors of 5142.
2, 3, 857
List the prime factors of 8484.
2, 3, 7, 101
List the prime factors of 8179.
8179
What are the prime factors of 68582?
2, 53, 647
What are the prime factors of 18429?
3, 6143
List the prime factors of 1948.
2, 487
What are the prime factors of 2698?
2, 19, 71
What are the prime factors of 14396?
2, 59, 61
List the prime factors of 6930.
2, 3, 5, 7, 11
List the prime factors of 7180.
2, 5, 359
What are the prime factors of 47992?
2, 7, 857
What are the prime factors of 4051?
4051
What are the prime factors of 3256?
2, 11, 37
What are the prime factors of 2710?
2, 5, 271
What are the prime factors of 22476?
2, 3, 1873
List the prime factors of 1688.
2, 211
What are the prime factors of 10868?
2, 11, 13, 19
What are the prime factors of 2609?
2609
List the prime factors of 4300.
2, 5, 43
What are the prime factors of 29691?
3, 3299
What are the prime factors of 60255?
3, 5, 13, 103
What are the prime factors of 1627?
1627
List the prime factors of 14713.
14713
What are the prime factors of 102171?
3, 34057
What are the prime factors of 16983?
3, 17, 37
What are the prime factors of 38130?
2, 3, 5, 31, 41
What are the prime factors of 181?
181
List the prime factors of 734.
2, 367
List the prime factors of 81652.
2, 137, 149
What are the prime factors of 10552?
2, 1319
What are the prime factors of 13154?
2, 6577
List the prime factors of 812.
2, 7, 29
List the prime factors of 7046.
2, 13, 271
What are the prime factors of 8593?
13, 661
What are the prime factors of 926?
2, 463
What are the prime factors of 60028?
2, 43, 349
What are the prime factors of 1188?
2, 3, 11
What are the prime factors of 467?
467
What are the prime factors of 96812?
2, 24203
List the prime factors of 27018.
2, 3, 19, 79
What are the prime factors of 8584?
2, 29, 37
List the prime factors of 2166.
2, 3, 19
List the prime factors of 11273.
11273
List the prime factors of 2060.
2, 5, 103
List the prime factors of 17295.
3, 5, 1153
List the prime factors of 2193.
3, 17, 43
What are the prime factors of 8257?
23, 359
List the prime factors of 27950.
2, 5, 13, 43
What are the prime factors of 3718?
2, 11, 13
List the prime factors of 175915.
5, 151, 233
What are the prime factors of 68359?
197, 347
List the prime factors of 3892.
2, 7, 139
What are the prime factors of 5742?
2, 3, 11, 29
What are the prime factors of 1598?
2, 17, 47
List the prime factors of 1678.
2, 839
What are the prime factors of 2315?
5, 463
What are the prime factors of 2028?
2, 3, 13
What are the prime factors of 11576?
2, 1447
List the prime factors of 182.
2, 7, 13
List the prime factors of 1526.
2, 7, 109
What are the prime factors of 1523?
1523
List the prime factors of 1642.
2, 821
List the prime factors of 12866.
2, 7, 919
What are the prime factors of 26733?
3, 7, 19, 67
List the prime factors of 120007.
41, 2927
List the prime factors of 10183.
17, 599
List the prime factors of 1403.
23, 61
List the prime factors of 3010.
2, 5, 7, 43
What are the prime factors of 21964?
2, 17, 19
What are the prime factors of 1588?
2, 397
What are the prime factors of 415?
5, 83
What are the prime factors of 2014?
2, 19, 53
List the prime factors of 3189.
3, 1063
What are the prime factors of 19116?
2, 3, 59
What are the prime factors of 25692?
2, 3, 2141
List the prime factors of 22769.
22769
What are the prime factors of 2153?
2153
What are the prime factors of 858?
2, 3, 11, 13
List the prime factors of 46690.
2, 5, 7, 23, 29
What are the prime factors of 15451?
15451
What are the prime factors of 18650?
2, 5, 373
What are the prime factors of 146?
2, 73
List the prime factors of 869.
11, 79
What are the prime factors of 8692?
2, 41, 53
What are the prime factors of 4186?
2, 7, 13, 23
What are the prime factors of 3448?
2, 431
What are the prime factors of 793?
13, 61
List the prime factors of 11644.
2, 41, 71
What are the prime factors of 36628?
2, 9157
List the prime factors of 10931.
17, 643
What are the prime factors of 1279?
1279
What are the prime factors of 11644?
2, 41, 71
List the prime factors of 1756.
2, 439
What are the prime factors of 30619?
67, 457
What are the prime factors of 4576?
2, 11, 13
List the prime factors of 23676.
2, 3, 1973
What are the prime factors of 16589?
53, 313
What are the prime factors of 135611?
7, 19373
List the prime factors of 23877.
3, 7, 379
What are the prime factors of 96798?
2, 3, 13, 17, 73
List the prime factors of 29641.
29641
What are the prime factors of 35700?
2, 3, 5, 7, 17
What are the prime factors of 2173?
41, 53
What are the prime factors of 129097?
129097
List the prime factors of 7348.
2, 11, 167
List the prime factors of 12669.
3, 41, 103
What are the prime factors of 1926?
2, 3, 107
List the prime factors of 470.
2, 5, 47
List the prime factors of 28862.
2, 14431
List the prime factors of 2984.
2, 373
What are the prime factors of 7090?
2, 5, 709
What are the prime factors of 4955?
5, 991
List the prime factors of 8634.
2, 3, 1439
What are the prime factors of 1715?
5, 7
What are the prime factors of 35518?
2, 7, 43, 59
List the prime factors of 3803.
3803
List the prime factors of 254.
2, 127
What are the prime factors of 1762?
2, 881
List the prime factors of 17240.
2, 5, 431
What are the prime factors of 3318?
2, 3, 7, 79
List the prime factors of 4471.
17, 263
What are the prime factors of 9917?
47, 211
What are the prime factors of 38275?
5, 1531
List the prime factors of 60424.
2, 7, 13, 83
What are the prime factors of 3766?
2, 7, 269
What are the prime factors of 23092?
2, 23, 251
List the prime factors of 5652.
2, 3, 157
List the prime factors of 24714.
2, 3, 1373
What are the prime factors of 74572?
2, 103, 181
What are the prime factors of 360?
2, 3, 5
List the prime factors of 4545.
3, 5, 101
List the prime factors of 6051.
3, 2017
List the prime factors of 3200.
2, 5
List the prime factors of 4119.
3, 1373
List the prime factors of 1871.
1871
List the prime factors